*(-3)/4 + 2. Suppose 11*c = 6*c + w. What is k(c)?
-1
Let c(o) be the third derivative of o**6/360 + o**5/40 - o**4/8 - 17*o**3/6 + 20*o**2. Let u(p) be the first derivative of c(p). Give u(-3).
-3
Suppose 4*s - 11 = -3, 5*z = s - 2. Let d(a) be the third derivative of -1/24*a**4 + 1/6*a**3 - 8*a**2 + 0*a + 0. Determine d(z).
1
Let d be -1 - (11 + -2)/(-3). Let j(h) = -h**2 + d + 0 - 1 - 3. Let t = -26 + 28. Determine j(t).
-6
Let r(j) = -j**2 - 7*j - 7. Let u(b) = -b**2 + 12*b - 28. Suppose -3*f = 7 - 37. Let y be u(f). Determine r(y).
-15
Let o(t) = -t**3 - 5*t**2 + 6*t - 4. Let f(x) = x**2 - 2*x - 2. Let n be f(-2). Suppose -n*r + 10 = -r. Suppose r*p - 4*p - 12 = 0. Give o(p).
-4
Let x(u) = -63 + 81*u - u**2 + 66 - 80*u. What is x(-3)?
-9
Let k be 6/3*5/2. Let c be (-16 + 17)/((-1)/(-4)). Let v(s) = c*s + s**3 + 15 + 3 - 6*s**2 - 13. Give v(k).
0
Let h(p) = -37*p**3 + 66*p**3 - 4*p**2 + 23 + p - 34 - 30*p**3. What is h(-5)?
9
Let q(k) = 7*k + 7*k**2 - 743 - 5*k**2 + 742. Calculate q(-6).
29
Suppose 3*i + 11*i = -2*i. Let w(g) = 3*g - 6. Let k(q) = -5*q + 12. Let o(t) = 4*k(t) + 7*w(t). Give o(i).
6
Let d be 15/(-10) + (-14)/(-4). Let r(v) = 4*v + 1. Let n(g) = g + 2. Let w(q) = 2*n(q) - r(q). Give w(d).
-1
Let v = -25 - -34. Let r(x) = 24*x - 5*x - v*x + 8*x**2 - 1 - 11*x. What is r(-1)?
8
Let h(l) = -l**3 - 6*l**2 + 8*l + 10. Let c = 38 - 31. Let a be (-21)/12*(-1 + (c - 2)). Calculate h(a).
3
Suppose 0 = 4*s + r - 13, -3*s - 3*r + 0*r + 21 = 0. Let d(j) = 0*j**2 + j**s - 2 - 3*j - 2 + 2 - 2*j**3. Give d(-2).
24
Suppose -3*g = -7*g + 8. Let d(q) = -q**g + 8*q + 8*q**2 - 5*q**2 - 5 - q**2. What is d(-7)?
-12
Let q = 343 + -337. Let o(a) = -a - 2. Determine o(q).
-8
Let n(w) be the first derivative of w**3/3 - w**2 - 4. Let z be 2/12 - 22/(-12). Determine n(z).
0
Let u(q) be the second derivative of 4*q + 1/6*q**3 + 0 + 1/2*q**2. Give u(6).
7
Let n(y) = 7*y**3 + 6*y**2 + 15*y + 5. Let w(o) = -15*o**3 - 12*o**2 - 32*o - 11. Let x(q) = -13*n(q) - 6*w(q). Determine x(-5).
-9
Let o be (-216)/(-45) + 2/10. Let d(r) = -8*r + 2*r + 0*r + 2*r**2 - r**2 + 5. Determine d(o).
0
Let h(u) = u**3 - 2*u**2 - 5*u - 2. Let z(j) be the third derivative of -j**4/24 + 3*j**3/2 - 4*j**2. Let p be z(5). Suppose -8 = -3*m + p. Calculate h(m).
10
Let d(f) be the second derivative of -f**3/6 + f**2 - 3*f. Let i(g) = -g**2 - 8*g - 7. Let p be i(-7). Calculate d(p).
2
Suppose -5*b + 41 - 124 = -4*i, b = 5*i - 25. Let o(f) = -f**3 - 16*f**2 - 16*f - 13. What is o(b)?
2
Let i(w) be the third derivative of -w**7/2520 - w**6/120 - w**5/30 - 11*w**4/24 - 19*w**2. Let r(j) be the second derivative of i(j). Calculate r(-4).
4
Suppose -3*m - 7*m = -60. Let s(q) = -44*q**3 + q - m*q**2 + 6*q + 85*q**3 - 40*q**3 - 6. Let a(k) = -k**3 + 5*k**2 + 8*k - 7. Let z be a(6). What is s(z)?
4
Let p(w) = -w**3 + 5*w**2 + 7*w - 5. Let k(j) = j**3 + 10*j**2 + 5. Let t be k(-10). What is p(t)?
30
Let v(r) = -5*r. Let g be v(-7). Let x = g + -19. Let y be -2 + (x/4 - 0). Let u(p) = -2*p**3 + 3*p**2 - 2*p + 2. What is u(y)?
-6
Let q = -1 + -4. Let o = q - -9. Let k(t) be the second derivative of t**3/6 + 3*t**2/2 + t. Give k(o).
7
Let f(h) = 2*h**3 - h**2 + h - 7. Let n(d) = -2*d**3 + d**2 - d + 8. Let l = 47 - 41. Let w(x) = l*f(x) + 5*n(x). Determine w(2).
12
Let b(s) = -3*s**2 - s. Let u be (-286)/(-234) + 4/(-18). Give b(u).
-4
Let g(j) = 5 + 3 + 3 + 10*j - 10 + 8 - j**2. Determine g(11).
-2
Let y = -365 - -359. Let b(j) = -2*j - 7. Determine b(y).
5
Let v(h) = 5*h - 25. Let t be v(6). Suppose t*d - x + 19 = 0, -2*x - 3 = 2*d - 7*x. Let a(o) = -o**2 + 2*o + 5. Give a(d).
-19
Suppose -10*s - 24 = -6*s. Let h(r) = 11*r**3 - 6*r**2 - 2*r - 5. Let j(g) = g**2 + 1. Let y(a) = s*j(a) - h(a). Give y(1).
-10
Suppose 0 = 5*n - 0*n - 25. Let o(d) = 3*d + 3. Let v(h) = -3*h + 3 + 1 + 7*h. Let t(y) = -7*o(y) + 5*v(y). Calculate t(n).
-6
Let q(p) be the second derivative of -4*p + 1/6*p**3 - 3*p**2 + 0. Determine q(6).
0
Let l(k) = -k**2 + k + 1. Let q = 44 - 86. Let f = q + 41. Calculate l(f).
-1
Let c be (-6 + 25/5)*-2. Let a(j) = -23*j - c + 12*j + 4*j + 10*j. Determine a(-2).
-8
Let a(m) = m**2 - 3*m - 4. Let o be (-20)/(-35)*14/4. Suppose -2*h - 14 = -2*w - 0*h, -8 = -o*w - h. Calculate a(w).
6
Suppose 0 = -c - l - 4 + 1, 4*c = 4*l + 12. Suppose -a - 19 = -2*i - 4, 5*a + 25 = c. Let u(o) be the first derivative of -o**3/3 + 5*o**2/2 + o - 5. Give u(i).
1
Let l(r) = 5*r - 37. Suppose -183 - 255 = -73*z. Determine l(z).
-7
Suppose 27 = 4*f + 3. Let j(o) = -7*o**2 - o + 3. Let v(b) = b**2 - b - 1. Let d(c) = f*v(c) + j(c). Suppose 6 = -6*z - 24. Give d(z).
7
Suppose 4*i = 5*i + 5. Let k(b) = 2*b**2 + 7 + 10*b - 2*b + 2 - 4. What is k(i)?
15
Suppose 4 = 19*p - 15*p. Let j = p - 8. Let o(z) = -z**2 - 8*z - 6. Determine o(j).
1
Let s(r) = 2*r + 2. Let p(l) = -9. Let z(d) = -p(d) - 4*s(d). Determine z(-3).
25
Let k(w) = w**3 - 4*w**2 + w + 2. Let p(b) = 8*b + 461. Let m be p(-57). What is k(m)?
32
Let g(u) = -27*u**2 - 5*u + 2 + 11*u**2 + 14*u**2. Give g(-4).
-10
Let g = -3 - -28. Let d = 27 - g. Suppose 13 = -5*m - d. Let z(f) = f**2 + 4*f + 2. What is z(m)?
-1
Let q = 13 + -8. Suppose 3*z - 3*a = -3, z - q*z + 20 = 4*a. Let h(y) = y - 2 + 0*y - 2*y**3 + 1 + y**z + 3. Give h(2).
-8
Let x = 23 - 13. Suppose x*r - r = 4*r. Let i(a) = a**2 - a - 16. Calculate i(r).
-16
Let r(f) be the third derivative of -f**5/20 + f**4/6 + f**3 - 674*f**2. What is r(4)?
-26
Let l(h) = 2*h**2 - 7*h - h**2 - 2*h**2 - 4*h + 13*h + 1. What is l(8)?
-47
Let r(p) be the second derivative of -p**5/20 - p**4/4 + 7*p**3/6 + 4*p**2 - 3*p. Let z be r(-4). Let v(s) = 3*s**2 - 2*s**2 - 4*s - 2*s**2. What is v(z)?
0
Suppose 4*k - 4*z = -36, -3*k + z - 2*z = 35. Let j(a) = a**2 + 8*a - 36. Calculate j(k).
-3
Let o(m) = 2*m**2 - m + 2. Let z = 94 - 92. Determine o(z).
8
Let k(r) be the third derivative of -r**5/60 + r**4/2 + r**3 + r**2 + 92. Calculate k(12).
6
Let a be (-165)/(-44)*8/6 + 5. Let d(y) = y**3 - 9*y**2 - 10*y + 15. Give d(a).
15
Let v(g) be the first derivative of g**3/3 - 657. What is v(5)?
25
Let b(d) = -3*d**2 - 22*d + 71. Let v(h) = h**2 + 7*h - 24. Let o(f) = -6*b(f) - 17*v(f). Give o(-14).
-4
Let m(g) be the third derivative of g**6/120 - 11*g**5/60 + g**4/2 + g**3/3 - g**2 + 14. Determine m(10).
22
Suppose -d = 3*k - 18, 2*d + 5*k - 26 = k. Let h(b) = b**2 + d*b**2 + 2*b + 3 - 2. Calculate h(-2).
13
Let p(v) = 2*v - 5. Suppose -433*r = -441*r + 24. Calculate p(r).
1
Suppose 3*y - 4*c + 1 = -0, -5*y - 40 = c. Let x(j) = 5*j**2 - 9*j. Let o(a) = 9*a**2 - 18*a. Let i(p) = -6*o(p) + 11*x(p). What is i(y)?
-14
Let u(o) = -2*o**2 + 3*o - 3. Let c be (-10)/25*4*-10. Let j(z) = z**3 - 17*z**2 + 17*z - 13. Let t be j(c). Give u(t).
-12
Let y(r) = -18*r**2 + 13*r - 17. Let u(i) = 44*i**2 - 25*i + 35. Let p(q) = 2*u(q) + 5*y(q). Give p(7).
-8
Let g(q) = q**2 - 9*q - 32. Let d be g(12). Let t(x) = d*x - 2*x - 7 + 3 + x. Determine t(-4).
-16
Let l(p) = -2*p**3 + 46*p - 4*p**3 + 12 + 13*p**2 - 33*p + 7*p**3. Give l(-12).
0
Let p(o) = 8*o - 2 + 4 + 5 + 10*o - 19*o. Give p(0).
7
Let d be (1 - 4)/((-13)/13). Suppose -12 = -d*c + 4*n, -5*n - 9 = 6. Let w(l) = -4 - l**3 + l**2 - 2*l**2 + l + 2*l**2. Determine w(c).
-4
Let s(t) = t - 1. Let b(x) = -10*x + 4. Let p(o) = b(o) + 3*s(o). Let r be (3 - 0)/3 + -22. Let j = -20 - r. Give p(j).
-6
Let x(z) = 5*z + 4*z - 11*z + 3*z. What is x(1)?
1
Suppose 3*f - 4*t + 27 = 0, 3*t = -0*f - f + 4. Let h = f + 1. Let x(z) be the second derivative of z**3/6 - 349*z. Give x(h).
-4
Let r = 501/4 - 125. Let n(k) be the first derivative of -7/3*k**3 + 1 - 2*k**2 + 6*k - r*k**4. Calculate n(-6).
-6
Let k(r) = 5 + 33*r - 22*r - 10*r. Let x = 10 - 5. What is k(x)?
10
Let d(b) = -b - 4. Suppose -3*v + 3 = 0, -7*v = -5*s - 2*v - 85. Let r = -13 - s. Give d(r).
-7
Let o = 10 - 6. Suppose 4*m + q - 2 = -q, o*m + 5*q + 13 = 0. Suppose -3*w + m*f = -w - 19, -10 = 5*w + 4*f. Let h(x) = x. Determine h(w).
2
Let i(n) = -n - 3. Let w = -15 - -42. Let l = w + -21. Calculate i(l).
-9
Let w(b) = -b**3 - b**2 + 4*b - 5. Let q(m) = m**3 - 3*m + 4. Let i(d) = d**3 + d**2 + 2*d + 3. Let f be i(-2). Let c(y) = f*q(y) - 4*w(y). Calculate c(3).
6
Let u(m) = 4*m - 18. Let p = -1170 + 1179. Give u(p).
18
Let p(j) = -4*j*